 + 2*u + 2. What is f(d)?
-13
Let q(u) = -u**3 + 8*u**2 - 8*u - 6. Let w be (-92)/(-15) - (-56)/(-420). Give q(w).
18
Let t(i) = 3*i**3 - 12*i**2 - 8*i - 5. Let m(x) = -x**3 + 6*x**2 + 4*x + 2. Let v be ((-24)/(-6) - -6)/(-3 + 1). Let g(w) = v*m(w) - 2*t(w). Calculate g(-5).
-5
Suppose 0 = -4*m, -4*m + 4 = 4*s - 0. Let b(n) be the second derivative of -n**4/6 - n**2/2 - 6*n. Let y(g) be the first derivative of b(g). Determine y(s).
-4
Let u = -224 + 227. Let k = -94 - -160. Let l(n) = k*n**2 - n - 70*n**2 - 4*n + 5 + n**u. Calculate l(5).
5
Let q(u) = u + 2. Let x be q(0). Let h(a) be the first derivative of a**5/20 - a**4/12 - 8*a**3/3 - 13. Let l(z) be the third derivative of h(z). Give l(x).
10
Let z(w) = -w**3 - 7*w**2 + w + 30. Let a be z(-6). Let h(b) = b**3 + 12*b**2 + b + 13. Calculate h(a).
1
Let b be 5 + (-12)/(-2) - 6. Let w(l) = 16*l**3 - 41*l**2 + 25*l + 46. Let f(j) = 3*j**3 - 8*j**2 + 5*j + 9. Let p(h) = -11*f(h) + 2*w(h). Determine p(b).
-7
Let m(p) = -p**3 - 10*p**2 + p + 6. Let b(w) = w**2 - 14*w + 14. Let i be b(12). What is m(i)?
-4
Let l(f) = f + 4. Let s(z) = 5. Let t(r) = 3*l(r) - 2*s(r). Let w be -1*(-8 + 2) + -3. What is t(w)?
11
Let s be (-20)/(-6) + 2 + (-4)/3. Let a(d) = -28*d + 23*d - 4 - s*d**2 + 2*d**2. Determine a(-4).
-16
Let c(y) be the third derivative of y**6/120 + y**5/12 - y**4/12 - y**3/2 + 96*y**2. Determine c(-4).
21
Let l(k) = 11*k - 5. Let a(m) = 2*m - 1. Let y(x) = -9*a(x) + 2*l(x). What is y(2)?
7
Let y(h) = 5*h - 1. Suppose -20 = -5*j + 5. Let a = -4 + j. Let s be y(a). Let l(q) = q - 5. What is l(s)?
-1
Let j(a) = 7 + 2 - 85*a + 2 + 86*a. Suppose 16 = -4*b, 2*y + b + 12 = -2*b. Calculate j(y).
11
Suppose 0 = -3*x + 5 + 1. Let j be (1/3)/((-3)/(-36)). Let b(o) = -2*o - 5 + 5 + j*o - 2. Give b(x).
2
Suppose v + 7*z - 11*z - 31 = 0, 2 = 2*v + 2*z. Let t(f) = -3*f**3 - 6*f**2 - f + 1. Let u(j) = -j**3 + j + 1. Let n(q) = -t(q) + 4*u(q). What is n(v)?
-11
Suppose -7 = p - 12. Let x(m) = -m**2 + 5*m - 4. Give x(p).
-4
Let s(a) = 2*a - 5. Let w(i) be the second derivative of i**3/3 - i**2 + 40*i. Let p be w(-1). Calculate s(p).
-13
Let t(h) = 17*h - 1. Let f(w) = -7*w. Let g(d) = f(d) + t(d). Give g(-4).
-41
Suppose 3*u - 5*c = 37, -c + 2 + 5 = 3*u. Suppose v - 2 = 2*n + 2, n = u*v - 30. Let t(b) = -11 - 5*b + v + 4*b. What is t(-6)?
3
Suppose -1 + 7 = 2*j. Suppose -2*w - 4*x = -w + 14, -j*w = 2*x + 12. Let k(i) = -4*i - 2. Calculate k(w).
6
Let v(o) = -35*o**3 + 13*o**3 + 1 - o**2 + 16*o**3. Determine v(1).
-6
Let w(o) = -o**3 - 9*o**2 - 15*o + 4. Suppose 0 = -4*a + 2*c - 38, 4 = -5*c + 29. Give w(a).
11
Suppose -13*o + 12*o = -5. Let u(y) = 3*y**2 + y - 2. Let k(b) = 4*b**2 + b - 3. Let s(l) = o*u(l) - 4*k(l). Give s(-2).
-4
Suppose 0 = b + 2*b + 3. Let a(o) = -o**2 - 3*o + 1. Let t(n) = 2*n**2 + 2*n - 1. Let u(z) = 2*a(z) + 3*t(z). Calculate u(b).
3
Let w(y) = -8*y**2 + 39*y - 10. Let t(p) = -7*p**2 + 32*p - 9. Let n(d) = -5*t(d) + 4*w(d). Determine n(2).
9
Let m be 1/((6/(-3))/(-4)). Let u be ((-15)/9 + m)*9. Let p(y) = -307*y**2 - 6*y + 306*y**2 + 3 + 8*y. Determine p(u).
0
Let k(j) be the first derivative of -j**4/4 - 4*j**3/3 - 3*j**2/2 - 2*j - 1. Let s be (2 + -4 - -12) + 1. Suppose 8 = -13*v + s*v. Calculate k(v).
10
Suppose -4*v - 9 = 4*h + 31, -5*v - h - 34 = 0. Let c(q) = -q**2 - 5*q + 1. Determine c(v).
-5
Let t = 189 - 135. Let g(u) = 2*u**3 - 3*u**3 - t + 5*u**2 + 4*u + 60. What is g(6)?
-6
Suppose -3*w = n - 20, -4*w + 31*n + 36 = 30*n. Let f(l) = -l**3 + 8*l**2 + 7*l - 59. Determine f(w).
-3
Let f be -1 + 1 - (3 - 2 - -2). Let z(u) be the third derivative of u**6/120 + u**5/12 + u**4/12 + u**3/2 + 20*u**2. What is z(f)?
15
Let d(q) = q. Let r(g) = -g**2 + g - 4. Let f(l) = -l**3 - 4*l**2 + 4*l - 4. Let n be f(-5). Let s(a) = n*r(a) + 2*d(a). Give s(4).
-8
Suppose -4*p + 4 = -2*p. Let y(w) = 3 - 7*w - 2*w**2 + 0*w**2 + w**p. Let h be y(-8). Let j(k) = -2*k - 6. Determine j(h).
4
Let l(z) = 12*z**2 + z. Let k be 2 + 3/9*6 - 3. Give l(k).
13
Let p(y) = y**2 + 27. Let c be p(0). Let z = c + -24. Let b(a) = -170*a - z + 0 + 171*a. Give b(0).
-3
Suppose 3*s + 5*q + 30 = 0, 1 = 5*s - 4*s - 2*q. Let o(p) = -p - 1. Determine o(s).
4
Let u be 30/4*8/(-12). Let c(p) = -2*p**2 - 1. Let s(w) = -3*w**2 + w - 2. Let b(t) = -5*c(t) + 3*s(t). Give b(u).
9
Let g(d) be the second derivative of d**4/12 + 2*d**3/3 - 4*d**2 - d. Suppose -4*v - 4*x = 0, -5*v = 4*x - 4 + 3. Let u be v/(-2)*(12 - 0/(-2)). What is g(u)?
4
Let g be (0 + 1)/(6/36). Let s(x) be the first derivative of -x**3/6 + 5*x**2/2 + 2*x - 6. Let y(j) be the first derivative of s(j). What is y(g)?
-1
Let k = 264 + -261. Let t(x) = x**2 - x - 1. Let h(p) = 8*p**2 - 8*p - 10. Let r(f) = h(f) - 10*t(f). Calculate r(k).
-12
Let g(o) = o - 4. Suppose -5*r - 15 = -190. Let y be 2/7 + (-1 - (-25)/r). Determine g(y).
-4
Let z(r) = -2*r - 4. Suppose -221 = 7*b - 179. What is z(b)?
8
Let z = 147 - 150. Let i(j) = -2*j - 1. What is i(z)?
5
Suppose 798*b = 797*b - 4. Let o(v) = 3*v + 4. What is o(b)?
-8
Let q be -2 + (0 - 0) - (-79 - -72). Let z(w) = -4*w**3 + 4*w**2 + 6*w - 1. Let c(n) = -9*n**3 + 8*n**2 + 12*n - 3. Let j(v) = 3*c(v) - 7*z(v). Calculate j(q).
-7
Let s(r) be the third derivative of r**5/30 + r**4/8 + r**3/3 - 8*r**2 + 5. Calculate s(-2).
4
Let s(d) = d**2 - 12*d + 2. Suppose 22*t - 819 = -41*t. What is s(t)?
15
Let p(q) = 11*q + 5. Let h(r) = 5*r + 3. Let l(v) = -13*h(v) + 6*p(v). Let j be l(13). Let b(f) = f**3 - j*f**2 - 15*f - 2*f**3 + 2*f**2 + 19*f. Give b(-3).
-3
Let t be ((8/6)/((-32)/(-144)))/2. Let s(j) = -11*j + 15. Let c(o) = 5 + 0 - 4*o + 0. Let y(h) = t*s(h) - 8*c(h). What is y(0)?
5
Let z be 2/17 - (-840)/952. Let u(h) = 3*h**2 - h. Calculate u(z).
2
Let f(w) = -4*w**3 + 0 + 2*w**2 - w - 2*w**3 + w**3 - 2. What is f(-1)?
6
Let r(n) = -22*n**3 - 1. Suppose -3*b - 10*b + 13 = 0. Give r(b).
-23
Suppose 4*a = -4, 5 - 28 = -4*c - a. Suppose g = c - 8. Let h(b) = 2*b**2 + 2*b - 2. Determine h(g).
2
Let r(y) = 2*y**2 + 7*y + 4. Let n = -25 - -40. Suppose -l + 5*u + 5 = 0, -3*u = -5*l + 2*u - n. Calculate r(l).
19
Suppose 0 = -3*a + 5*f - 5 - 16, 5*f - 9 = -3*a. Let o(x) = -136*x**2 + 138*x**2 + 2*x**3 + 2*x**3. Give o(a).
-24
Let c(o) be the first derivative of -o**3/3 + 9*o**2/2 + 7*o + 57. Give c(11).
-15
Let z be (-98)/10 - (-7)/(-35). Let n be (-3)/(-6) + (-5)/z. Let b(u) be the first derivative of -3*u**4/2 - 2*u**3/3 + u**2/2 + 13. What is b(n)?
-7
Let r(m) = -2 + 73*m - 41*m - 30*m. Determine r(3).
4
Let p(j) be the second derivative of 2*j**2 + 1/6*j**3 + 4*j + 0. Let o(u) = -3*u - 1. Let d be o(1). Calculate p(d).
0
Let x(i) = 3*i**3 - 2*i**2 + 2*i + 2. Let h = -1325 + 1323. What is x(h)?
-34
Let h(t) = -8*t**2 - 9*t - 4. Let g(z) = 5*z**2 + 5*z + 2. Let n(d) = 5*g(d) + 3*h(d). Calculate n(-6).
46
Let s(v) be the third derivative of v**7/5040 - v**6/144 - 17*v**5/60 + 8*v**2. Let b(o) be the third derivative of s(o). What is b(-7)?
-12
Let j(l) = -l**2 - 15*l + 19. Let z be -16 - ((-4)/14 + (-6)/(-21)). What is j(z)?
3
Let f(t) = -2*t**2 - 6*t + 3. Let h be (12/10)/((-69)/(-30) + -2). Suppose 0*u - 3*o - 27 = 3*u, h*o - 4 = 4*u. Calculate f(u).
-17
Let y(r) be the first derivative of -r**4/2 + r**3/3 + r**2 - 1729. Let m = -3 + 5. Calculate y(m).
-8
Let j = -5 + 2. Let c(z) be the third derivative of -z**6/120 - z**5/20 - z**4/24 - z**3/3 + 37*z**2. Give c(j).
1
Let y(v) = -v**2 - 11*v - 5. Let g be y(-10). Let c = g + -3. Let i(t) = -10 + 3 - 6*t - 2*t**c + 0*t**3 - t**3 - 5*t**2. What is i(-6)?
-7
Let n(l) = -2*l**2 + l. Suppose -o - 4*j = 114, -2*o + 4*j - 213 = 7*j. Let c = 103 + o. Calculate n(c).
-1
Suppose -12 = -5*v + 7*v. Let g(z) = -z**2 - z + 2. Let k be g(1). Let f(b) = -2 - b + k*b + 5*b - 3*b. Give f(v).
-8
Suppose 2*y + l - 5 = 6*l, -2*y = -4*l. Let g be 75/(-30)*24/y. Let v(r) = 4*r - 4. Determine v(g).
20
Let v(t) = 3*t**2 - 3*t + 5. Let u(f) = f**2 - f + 3. Let g(n) = 5*u(n) - 2*v(n). Suppose -2*i + 4*k - 3*k + 13 = 0, -29 = -4*i + 3*k. Determine g(i).
-15
Suppose 0 = -9*q + 14 - 5. Let j(n) = n**3 - 4*n**2 + 5*n - 4. Let a(u) = u**3 - 5*u**2 + 6*u - 5. Let i(l) = 3*a(l) - 4*j(l). What is i(q)?
-1
Let q(x) = x**3 + 37*x**2 + 68*x - 76. Let r be q(-35). Let v(m) = -m**3 - 6*m**2 + m - 3. Give v(r).
-9
L